.
3
Let a = -14 - -16. Let m be ((-20)/(-25))/(4/70). Calculate the greatest common factor of a and m.
2
Suppose -2*b + 34 = -98. Suppose 6 - b = -5*j. Calculate the highest common divisor of j and 132.
12
Suppose -2*h - 12 + 22 = 0. Calculate the highest common divisor of h and 10.
5
Suppose 2*d + 2 = -2, -2*b - 4 = 2*d. Suppose 4*z + b*z - 60 = 0. Calculate the greatest common factor of 5 and z.
5
Let p be (0 - 3) + 1 + 39. Let x = p + 95. Let n = 20 + -8. Calculate the greatest common divisor of n and x.
12
Let l be 12 + 4*9/12. Calculate the highest common factor of 5 and l.
5
Suppose -2*p + 4 = -32. Suppose -b + p = -17. What is the highest common divisor of b and 5?
5
Let d = -144 + 146. Calculate the greatest common factor of d and 5.
1
Suppose 205 = -9*n + 4*n. Let b = 111 + n. Suppose -5*j + 4*q = -70, j - 2*q = -0*j + 20. What is the greatest common divisor of b and j?
10
Let s = 40 + -35. Let q(o) = -7*o + 4. Let l be q(-3). What is the greatest common divisor of l and s?
5
Suppose -10*m = -7*m - 18. Calculate the highest common divisor of m and 6.
6
Let c(h) = 2*h**3 - 8*h**2 - h. Let a be c(5). Calculate the highest common factor of a and 30.
15
Let m = 335 + -140. Calculate the highest common divisor of 78 and m.
39
Let u(p) = 2*p + 28. Let s be u(-9). Calculate the highest common divisor of s and 10.
10
Let b be ((-25)/10*2)/(-1). What is the greatest common divisor of 1 and b?
1
Suppose -7*t + 64 - 8 = 0. What is the greatest common divisor of t and 40?
8
Let x be (-3)/12 - 9/(-4). Suppose -x*n + n + 5 = 0. Suppose n*s - 6 = -1. Calculate the greatest common factor of s and 2.
1
Let y(v) = -v**2 + 20*v - 18. Let o be y(11). Suppose 33 = 3*r + 2*d, 3*r - 39 = d - 5*d. Calculate the highest common factor of r and o.
9
Let o(y) = -y**2 + 4*y - 3. Let i be o(2). Let m be -3 - i/(1/(-63)). What is the greatest common divisor of 15 and m?
15
Let d(c) = 3*c - c + 29 - 3*c. Let u be d(12). What is the greatest common factor of u and 85?
17
Let r be ((-9)/3)/(10/6 + -2). Calculate the greatest common divisor of r and 99.
9
Suppose -2*h - 34 = -2*q, 3*q - 55 = -h - 0. Suppose -565 = -6*b + b + 5*x, 8 = -4*x. Let w = -75 + b. Calculate the greatest common factor of q and w.
18
Let f be 2 + 7 - ((-4 - -10) + -4). Let q = 7 + 0. Calculate the highest common factor of q and f.
7
Let i(g) = 21*g**2 - 18*g. Let s be i(-2). What is the highest common factor of s and 24?
24
Suppose 65 = 5*b - 15. Let r = 39 + -25. Suppose 54 = i + z + r, -i + 2*z = -40. What is the greatest common factor of b and i?
8
Suppose 2*j = -771 - 33. Let c be (-2)/3 - j/9. Suppose 4*n - c = -5*f, -f + 20 + 8 = 4*n. Calculate the highest common divisor of n and 15.
3
Suppose 3*x - 80 - 46 = 0. What is the greatest common factor of x and 63?
21
Let h = -2 - -5. Suppose 2*o - 76 = -h*n, 0 = n + 2*o - 0*o - 28. Let m be ((-10)/8)/((-2)/n). What is the highest common divisor of m and 6?
3
Let b(z) = -z**3 + 11*z**2 + 2*z. Let l be b(11). What is the greatest common divisor of l and 22?
22
Suppose 4*m - 6*m = -12. Let z be (2/(-3))/((-4)/108). What is the highest common divisor of z and m?
6
Let l(q) = -q**3 - q**2 + 5*q - 9. Let f be l(-5). Calculate the highest common factor of f and 6.
6
Suppose 7*l - 2*l = 100. Suppose 5*t + l = 0, 0*a - 34 = -a + 2*t. What is the greatest common divisor of 13 and a?
13
Suppose 0 = -2*h + 5*h + 24. Let u = 10 - h. Let i = u - 12. What is the greatest common factor of 42 and i?
6
Suppose v + 18 = 4*v. Suppose 115 = 5*t + 5*q, -3*t + 79 = 5*q + v. Let g be (-1)/4 + (-169)/(-4). Calculate the greatest common factor of t and g.
21
Suppose 4*r = 2*k - 426, 5*r + 5*k = -108 - 447. Let u be (r/(-20))/(6/20). Calculate the greatest common factor of u and 45.
9
Let n = -79 + 139. Calculate the highest common factor of n and 12.
12
Let h = 22 - 12. Suppose 5*d + 844 - 319 = 5*g, -5*g + d = -545. Calculate the greatest common divisor of g and h.
10
Suppose 5*y = r + 2*y - 49, -4*y + 8 = 0. What is the highest common divisor of r and 11?
11
Let m = 4 + -5. Let w be (m - (-1)/(-2))*2. Let u be 19 - (0/w + 2). Calculate the highest common factor of u and 119.
17
Let k(w) = 7*w + 1. Let s be -2 + 2 + -1 + 3. Let y be k(s). Suppose -p = p - 12. What is the greatest common factor of p and y?
3
Let x = -5 - -11. What is the greatest common divisor of 6 and x?
6
Let l(g) = -20*g. Let b be l(-7). Suppose 4*o - b = o - m, 2*o + m = 95. Suppose -5 = -3*q + 10. What is the greatest common divisor of q and o?
5
Let a be (-522)/(-4) - (4 + (-5)/2). Calculate the greatest common divisor of a and 43.
43
Let q be -2 + (3600/255 - (-2)/(-17)). Let w = -5 - -101. What is the highest common factor of q and w?
12
Suppose -i = -0*i - 3. Suppose i*m = -m + 12. Let v(y) = -5*y + 4. Let s be v(-4). Calculate the greatest common factor of m and s.
3
Let n = 25 + -16. Calculate the highest common divisor of n and 1.
1
Let a = -321 - -475. What is the highest common divisor of 14 and a?
14
Suppose -3 = 2*b - 5*b. Let z be ((-4 - -1) + 12)*b. What is the greatest common divisor of 18 and z?
9
Suppose 8 = 3*n - 5*q - 0*q, 2*n - q - 17 = 0. Suppose 4*b - 4*r = 376, 33*b - 2*r = 29*b + 386. Calculate the greatest common divisor of b and n.
11
Let x be ((-28)/(-8) + -3)*42. Let m = 18 - 31. Let f = m + x. Calculate the highest common divisor of f and 2.
2
Let f = 20 - 32. Let k = 20 + f. Let i be ((-2)/(-5))/(2/10). Calculate the highest common divisor of k and i.
2
Let y(g) = -g**2 + 9*g + 14. Let v be y(10). Calculate the highest common factor of v and 2.
2
Suppose -2*k - 1 + 15 = 4*b, -2*b + 3*k + 27 = 0. What is the highest common factor of b and 15?
3
Let v(i) = -i**3 + 2*i**2 - 3*i. Let t be v(2). Let m = t - 0. Let k(r) = 2*r**2 - 5*r + 8. Let u be k(m). Calculate the highest common divisor of u and 22.
22
Suppose 5*c - g - 4*g = 0, 4*g = c + 12. Let q(d) = 5*d + 1 + c - d + 2*d**2. Let w be q(5). Calculate the highest common factor of 30 and w.
15
Suppose 4*a + 3*v = 221, v - 32 = a - 82. Suppose -2*u + a = -5. Suppose -4*q + m + u = 0, -5*q + 10 = 2*m + 2*m. What is the highest common divisor of q and 2?
2
Let l = -55 + 80. What is the highest common divisor of 50 and l?
25
Let n = -45 + -67. Let y be (-5)/((-10)/n)*-1. Calculate the highest common divisor of 28 and y.
28
Let w(o) = 8*o - 7. Let t be w(5). Calculate the highest common factor of t and 11.
11
Let q(h) = h**3 - 7*h**2 + 7*h - 2. Let l be q(6). Suppose 3*k - l*y = 82, 2*y - 38 = -k - 2*y. Calculate the highest common factor of 15 and k.
15
Let v = -10 + 2. Let r be (v/(-10))/2*60. What is the highest common divisor of 36 and r?
12
Let j be (-1090)/(-8) + (-2)/8. Let k = 256 - j. Suppose -6*f + 3*f = -45. Calculate the greatest common divisor of f and k.
15
Suppose 2 = 3*u + b, 5*u - 3*u - 4*b = 20. Suppose -u*k - 95 = -5*x, -4*x - x + 75 = 2*k. Calculate the greatest common divisor of x and 85.
17
Suppose 12 = -7*q + 10*q. Suppose -s + 4*z = -6, -z = 4*s + s - 51. What is the greatest common divisor of s and q?
2
Let r = -67 + 83. What is the highest common divisor of r and 88?
8
Let p(l) = -6 + l**3 + 1 + 4*l + 9 - 8*l**2. Let i be p(8). Calculate the highest common factor of i and 12.
12
Let t = 1 + 14. Let h(v) = -v**3 + 3*v**2 - 5*v + 3. Let g be h(-4). What is the highest common factor of t and g?
15
Suppose -2*d + 72 = -0*d. Calculate the highest common divisor of 24 and d.
12
Suppose -286 = -5*h + 39. Calculate the highest common divisor of h and 26.
13
Suppose 10 = 5*p - 10. Let z = 6 + p. Suppose 0*f - 3*c = f - 54, 2*f + 3*c = 114. What is the highest common divisor of z and f?
10
Let c(m) = m**2 - 8*m + 2. Let n be c(9). What is the greatest common divisor of n and 99?
11
Let u be (1 + 0)*(1 + 10). Suppose 1356 = 13*m + 355. What is the highest common divisor of u and m?
11
Let d(j) = j**2 - 6*j - 16. Let n be d(-4). What is the greatest common divisor of 32 and n?
8
Let q be 1 + 41 + (2 - 2). What is the greatest common factor of 56 and q?
14
Suppose -m = -3*q + 38, -q = 2*m - m - 18. Let b = 42 + -14. Calculate the greatest common factor of b and q.
14
Let z = 38 + -3. Calculate the highest common factor of 7 and z.
7
Let d be (-1)/1 - (-5 - -2). Suppose 12 = -d*u + 34. What is the greatest c